osite?
False
Is 2504986931 composite?
False
Is 39814212133 a composite number?
False
Is 8517320939 prime?
True
Is 42937282217 a prime number?
True
Is 12484140397 a composite number?
False
Is 197525401 a composite number?
False
Is 26870413043 a prime number?
False
Is 1769899409 composite?
False
Is 16910087567 a prime number?
True
Is 6782755082 a prime number?
False
Is 31981603621 composite?
True
Is 35134185557 a prime number?
True
Is 3161200681 a prime number?
False
Is 10870308817 composite?
False
Is 25067931157 a composite number?
True
Is 12267266923 composite?
True
Is 10710960409 prime?
False
Is 18846278501 prime?
False
Is 193013579 a composite number?
True
Is 6629025185 a prime number?
False
Is 1231950529 a prime number?
True
Is 28649459 prime?
True
Is 77085288271 a prime number?
False
Is 2434612801 composite?
False
Is 3361397683 a prime number?
False
Is 10090613683 a composite number?
False
Is 271717547 a prime number?
True
Is 1711245569 prime?
False
Is 5559220487 composite?
True
Is 4120122569 a prime number?
True
Is 2986948963 a prime number?
False
Is 2068437421 a prime number?
True
Is 156315823 a prime number?
True
Is 65994004729 composite?
True
Is 629527111 prime?
True
Is 2235769579 a composite number?
True
Is 251573867 a composite number?
False
Is 5123907619 composite?
False
Is 93586829887 prime?
False
Is 1247715247 a composite number?
True
Is 18675059087 prime?
False
Is 151856617681 composite?
False
Is 1245733817 composite?
True
Is 6001947199 a prime number?
False
Is 1079311447 a composite number?
False
Is 32117211394 prime?
False
Is 373086293 prime?
True
Is 3913580557 prime?
False
Is 881708153 a composite number?
False
Is 374048897 a composite number?
True
Is 582211885 a prime number?
False
Is 11992305137 a prime number?
True
Is 437244611 prime?
True
Is 537468337 a prime number?
False
Is 39516477142 prime?
False
Is 1116079243 prime?
False
Is 181242425249 composite?
False
Is 1504542371 a composite number?
True
Is 452432767 composite?
False
Is 614799593 composite?
False
Is 197720931101 composite?
False
Is 180367661269 a prime number?
False
Is 5359398511 composite?
True
Is 2460189203 a prime number?
True
Is 6801352813 composite?
False
Is 18842511313 composite?
True
Is 920684437 prime?
True
Is 6062954747 a prime number?
True
Is 9760243607 composite?
False
Is 71760797 composite?
True
Is 10219443877 a prime number?
False
Is 827256579769 a composite number?
False
Is 2107653227 a prime number?
False
Is 20143616767 a composite number?
False
Is 166302556273 a composite number?
True
Is 53979824533 a prime number?
True
Is 7213807571 a prime number?
True
Is 13902630433 a prime number?
True
Is 7272337703 prime?
True
Is 784685611 prime?
True
Is 13139754521 prime?
True
Is 82852995967 a prime number?
False
Is 114012191 composite?
False
Is 339347893 prime?
False
Is 19569621913 prime?
False
Is 59016381401 a prime number?
False
Is 1418320273 a composite number?
True
Is 6982874317 composite?
False
Is 2947536047 a prime number?
True
Is 35051873393 prime?
False
Is 6565165886 prime?
False
Is 729673583 a prime number?
True
Is 2155339607 a composite number?
False
Is 888808493 prime?
False
Is 29833895887 a prime number?
True
Is 10226857373 a composite number?
True
Is 182616977 composite?
True
Is 13049691797 a prime number?
False
Is 74086163 composite?
True
Is 2538647567 a prime number?
False
Is 2208091729 prime?
True
Is 176681473 a prime number?
True
Is 3162519697 a composite number?
False
Is 28227209 prime?
False
Is 13134853 a prime number?
True
Is 9819880531 composite?
False
Is 8426647807 a prime number?
True
Is 4220454229 a composite number?
True
Is 12394670621 prime?
False
Is 1817482649 a prime number?
False
Is 3594035987 composite?
False
Is 14874147859 a composite number?
True
Is 15723408359 prime?
True
Is 1001733541 prime?
False
Is 30528598883 a composite number?
False
Is 5221997689 prime?
True
Is 35613418649 composite?
False
Is 549366143 composite?
True
Is 1265120519 prime?
False
Is 117586891 prime?
False
Is 44854281491 prime?
True
Is 6513445303 a prime number?
True
Is 31862825293 a composite number?
True
Is 718300673 a composite number?
False
Is 925655903 a prime number?
True
Is 128759009 a composite number?
False
Is 2660909507 prime?
True
Is 4696998197 prime?
False
Is 47053319959 a composite number?
True
Is 353368283 composite?
False
Is 46797358817 prime?
False
Is 616355659 a prime number?
True
Is 1750757781 composite?
True
Is 8700570815 a prime number?
False
Is 771639553 composite?
False
Is 710471593 prime?
False
Is 4015281199 a composite number?
False
Is 39598768421 a prime number?
False
Is 49338109307 a composite number?
False
Is 23090194459 a prime number?
False
Is 3945129893 composite?
False
Is 158720461 prime?
True
Is 4252240591 a composite number?
True
Is 16357328677 a composite number?
True
Is 333189763 composite?
True
Is 22136689 a prime number?
False
Is 59414520461 composite?
False
Is 19837222543 composite?
True
Is 851368495 a prime number?
False
Is 272849144965 prime?
False
Is 240268607 composite?
True
Is 106638410717 a prime number?
True
Is 417046037 composite?
False
Is 139071020107 a composite number?
False
Is 1127232427 a prime number?
True
Is 22698384041 composite?
True
Is 2831983891 a prime number?
False
Is 1455766997 composite?
False
Is 5278863619 composite?
False
Is 2609222173 a prime number?
True
Is 409956019 composite?
True
Is 1502882543 composite?
True
Is 13628687791 prime?
True
Is 13229759399 prime?
True
Is 68134425703 prime?
False
Is 23024072843 a composite number?
True
Is 6406678277 a composite number?
True
Is 46426593163 a composite number?
False
Is 67874223283 composite?
False
Is 25017759667 a prime number?
False
Is 2356071563 composite?
True
Is 908335583 a prime number?
False
Is 2228735059 a composite number?
False
Is 4763856611 a prime number?
False
Is 1125697019 prime?
False
Is 101668630022 a prime number?
False
Is 639235339 a composite number?
False
Is 1028478013 a composite number?
True
Is 6361590163 a composite number?
True
Is 30656108309 a composite number?
True
Is 5070339537 a composite number?
True
Is 4121072467 a prime number?
True
Is 2020149767 prime?
True
Is 24161506501 prime?
False
Is 285050251 a prime number?
False
Is 350310611479 composite?
True
Is 519017399 prime?
True
Is 15439933829 a prime number?
False
Is 122448144347 composite?
True
Is 1839167023 a prime number?
True
Is 37169757167 a prime number?
True
Is 925523583 composite?
True
Is 23271223133 composite?
False
Is 7540922681 a composite number?
False
Is 3836973929 a composite number?
False
Is 231944027773 a composite number?
True
Is 438235309 composite?
True
Is 8196937237 a prime number?
True
Is 311059649 composite?
False
Is 2343713111 a composite number?
False
Is 8534725889 prime?
False
Is 688019497 a composite number?
True
Is 4931281897 prime?
False
Is 52538748083 a prime number?
True
Is 6756550663 a prime number?
True
Is 417323287 prime?
True
Is 2472816041 a composite number?
False
Is 1220497907 a composite number?
False
Is 14994307 prime?
True
Is 1818549331 a composite number?
False
Is 102467712427 composite?
False
Is 65188979 a prime number?
True
Is 4715202313 a composite number?
False
Is 15080728709 prime?
True
Is 4191493249 prime?
True
Is 831058681 a prime number?
True
Is 891738307 composite?
True
Is 2428527683 a composite number?
False
Is 71540953537 a prime number?
False
Is 286306711 a prime number?
False
Is 15965431961 a prime number?
True
Is 8519088439 a composite number?
False
Is 1756749347 a composite number?
False
Is 134974543903 a composite number?
True
Is 8624240059 a composite number?
False
Is 4415445569 composite?
True
Is 5701469417 prime?
False
Is 402963037 composite?
True
Is 135339517 a composite number?
True
Is 4273553309 composite?
True
Is 2421818813 a composite number?
False
Is 5020556087 a composite number?
False
Is 1041708641 composite?
True
Is 921025109 prime?
True
Is 5954566097 a composite number?
False
Is 4879963201 a prime number?
True
Is 16186833209 a composite number?
False
Is 2047329197 composite?
True
Is 25618591 a prime number?
True
Is 16787419601 a prime number?
False
Is 29981586757 prime?
True
Is 424648451 a prime number?
True
Is 34533338393 composite?
False
Is 28140813671 composite?
False
Is 3927335095 a prime numb